 - 30a5?
14803
In base 2, what is 100 - -1001110001010110011101?
1001110001010110100001
In base 9, what is -42 - 136224?
-136266
In base 3, what is 11010020010211 + -102?
11010020010102
In base 4, what is 11 - 101320002212021?
-101320002212010
In base 14, what is 4617d78 - 4?
4617d74
In base 5, what is 10142402342 + 1?
10142402343
In base 6, what is 1312 - -100331?
102043
In base 8, what is 5 - -63525262?
63525267
In base 11, what is 430263 - 132?
430131
In base 6, what is 11 - 205402452?
-205402441
In base 4, what is -333 + -23201321233?
-23201322232
In base 15, what is -5435d1e + 2?
-5435d1c
In base 15, what is 3 + -4bd936c?
-4bd9369
In base 6, what is 0 + 1120541415?
1120541415
In base 3, what is -20022020100110 - 2100?
-20022020102210
In base 11, what is -7886 - -2733?
-5153
In base 6, what is -2131404 - -12442?
-2114522
In base 4, what is 10023111 + 100131?
10123302
In base 15, what is -7e2d26 + -1?
-7e2d27
In base 15, what is 26433 + 961?
26d94
In base 4, what is 11121223110 - 1?
11121223103
In base 4, what is -20002 + -10303022?
-10323030
In base 12, what is -23 - 52b495?
-52b4b8
In base 2, what is 110011 + -1001100111001000100110001?
-1001100111001000011111110
In base 3, what is 10 + 201211112101201?
201211112101211
In base 11, what is 61 - -4146?
41a7
In base 10, what is -1313 - -62312?
60999
In base 4, what is 21113 + 113331021?
120012200
In base 9, what is -2457627 + -725?
-2458453
In base 8, what is -7707 - -11175?
1266
In base 9, what is 5485733 - -274?
5486117
In base 15, what is 3 + -6eebac?
-6eeba9
In base 16, what is 8 + -18fc96?
-18fc8e
In base 11, what is 29703 + 136?
29839
In base 8, what is -45 - 302173?
-302240
In base 2, what is -100101111000011000 - -110111?
-100101110111100001
In base 16, what is d + a7a75?
a7a82
In base 7, what is 1444534 + -30342?
1414162
In base 5, what is -2123 - -304031234?
304024111
In base 11, what is a991495 + -2?
a991493
In base 15, what is 157c0 - -4?
157c4
In base 6, what is -234353 + -4135?
-242532
In base 10, what is -5 - 3914560?
-3914565
In base 16, what is 4 - -160ea96?
160ea9a
In base 14, what is 588 + 5420?
59a8
In base 15, what is -e23 - 94e?
-1872
In base 11, what is 996 - 1687a2?
-167907
In base 5, what is -1240 + 13032242?
13031002
In base 9, what is 34410 + 20?
34430
In base 13, what is 4c + 21557?
215a6
In base 16, what is bca4 - 81?
bc23
In base 2, what is 1111101 - 1111110111100101?
-1111110101101000
In base 7, what is 20543165115 - 1?
20543165114
In base 16, what is 353 - -d3b?
108e
In base 11, what is -1905457 - 161?
-1905608
In base 5, what is -1 - 11123220402?
-11123220403
In base 13, what is -22 - 41a0846?
-41a0868
In base 13, what is -66 - -26c12c?
26c096
In base 2, what is -11111000101100101110111001011 + -101?
-11111000101100101110111010000
In base 8, what is 0 - 47600406?
-47600406
In base 12, what is -3 - 13376b8?
-13376bb
In base 14, what is 3 - -512309a?
512309d
In base 15, what is -b9 + -ee90?
-10059
In base 11, what is 3 - 31194650?
-31194648
In base 10, what is -106 + -1566057?
-1566163
In base 15, what is 2 - 1ae2ec?
-1ae2ea
In base 5, what is 23034 + -3342332?
-3314243
In base 14, what is -927c - -47d?
-8bdd
In base 6, what is 13301052000 - 1?
13301051555
In base 13, what is 256b84a6 + -5?
256b84a1
In base 3, what is -210211021 - 2200102?
-220111200
In base 6, what is 1152212 + -1?
1152211
In base 16, what is dfac117 - 4?
dfac113
In base 8, what is 17653 + 6405?
26260
In base 15, what is 136c2 + 19e?
13871
In base 3, what is -10222001020 + -1002?
-10222002022
In base 2, what is -10100111111010111000 - 10001?
-10100111111011001001
In base 16, what is -51f91 + 4?
-51f8d
In base 12, what is 20 - 5208b?
-5206b
In base 12, what is -b1b - -683b?
5920
In base 9, what is 587280 + -73?
587206
In base 12, what is -721 + 295a4?
28a83
In base 15, what is 26b4e + 1a7?
26d06
In base 2, what is -1100 - -1001011100001111001000010?
1001011100001111000110110
In base 5, what is -1 + -130012202032?
-130012202033
In base 15, what is -ac682b - -7d?
-ac679d
In base 11, what is 6092 + -20?
6072
In base 10, what is -220 - -3615611?
3615391
In base 10, what is 254 + 30858?
31112
In base 10, what is 14908796 - -5?
14908801
In base 12, what is -45b78248 - 2?
-45b7824a
In base 3, what is 1211010020012212 - 2?
1211010020012210
In base 4, what is 1331202000 - 0?
1331202000
In base 12, what is 95 + -78aa09?
-78a934
In base 5, what is -34011200401 + -4?
-34011200410
In base 15, what is -c1e0 + d?
-c1d2
In base 10, what is -3 + -35400901?
-35400904
In base 14, what is db3422 - 1a?
db3406
In base 16, what is -4 - -494d19d?
494d199
In base 12, what is 509535 + 158?
509691
In base 12, what is -5 + 2aa8830?
2aa8827
In base 9, what is 1 + -484630813?
-484630812
In base 7, what is -4235531130 - 4?
-4235531134
In base 8, what is -52724526 + 3?
-52724523
In base 13, what is c63c - 679?
bc93
In base 7, what is 1 - -6466542?
6466543
In base 14, what is -b67 - -d99c?
cc35
In base 4, what is 10312 + -1021220?
-1010302
In base 5, what is 20233 - -2314403?
2340141
In base 6, what is 3252552 + 10014?
3303010
In base 15, what is 4 + 14a4966d?
14a49672
In base 6, what is -4 - -140222411?
140222403
In base 4, what is -11300131 - 120?
-11300311
In base 2, what is 101 + -1010000010011111101101?
-1010000010011111101000
In base 4, what is 30 - -1020312002121?
1020312002211
In base 14, what is 96a - -5394c?
544b8
In base 14, what is 2 - -2329d5b?
2329d5d
In base 14, what is -5 + -c616ab3?
-c616ab8
In base 15, what is dc - -911c?
9209
In base 8, what is 12426401 + -5?
12426374
In base 8, what is 2215311551 + -5?
2215311544
In base 13, what is -495a059 - -3?
-495a056
In base 13, what is -7643507 + -1c?
-7643526
In base 7, what is -142 - 6626324?
-6626466
In base 15, what is 2 - 4166d6?
-4166d4
In base 15, what is 2c + 4769dc?
476a19
In base 13, what is 1 - -62c2?
62c3
In base 5, what is -14234111344 + 3?
-14234111341
In base 10, what is -64261 + 2646?
-61615
In base 15, what is 90c12 + 150?
90d62
In base 6, what is -223535454 - 4?
-223535502
In base 10, what is 23559 + 19?
23578
In base 3, what is 22001 - 1210122011?
-1210100010
In base 2, what is -101011100100 + 1111000110010010100?
1111000000110110000
In base 15, what is -2e57ac - -7d?
-2e572e
In base 16, what is -1555d - c5a?
-161b7
In base 16, what is 133f52 + 0?
133f52
In base 2, what is 110000011110011 - -10101011101?
110011001010000
In base 9, what is -218 - -115745?
115526
In base 4, what is 1 + -221331322200?
-221331322133
In base 2, what is 1 + -100001110010011010101110100?
-100001110010011010101110011
In base 8, what is 12601367 - -11?
12601400
In base 7, what is -4 + 1416116515?
1416116511
In base 15, what is 1a + 99e901?
99e91b
In base 8, what is 11430 + 563532?
575162
In base 6, what is 0 - 413520252?
-413520252
In base 8, what is -33472 + -4662?
-40354
In base 5, what is -44420041010 + -10?
-44420041020
In base 11, what is -12921 - 472?
-13293
In base 12, what is 5a8 - -46b3?
509b
In base 16, what is 3 - 310e73?
-310e70
In base 2, what is -10100110000011 + 10100000100?
-10010001111111
In base 12, what is 52 + 173034?
173086
In base 12, what is -14993 + 6165?
-a82a
In base 13, what is b55 - -2b28?
3980
In base 8, what is -16 + -1661677?
-1661715
In base 7, what is 11430441 + -60?
11430351
In base 3, what is 112021102001 + 212111?
112022021112
In base 13, what is 3757aa - 1a?
375790
In base 14, what is -2 + 138058?
138056
In base 10, what is 194227883 + -1?
194227882
In base 2, what is 101100101 + -111010110010010110111?
-111010110001101010010
In base 4, what is 3032103312 + 30?
3032110002
In base 6, what is 11123322 + -210?
11123112
In base 12, what is 68a3875 - 5?
68a3870
In base 3, what is 2 - 22100210000011101?
-22100210000011022
In base 16, what is 7cd3b - -232?
7cf6d
In base 6, what is -1543534422 + 4?
-1543534414
In base 16, what is 5800c8 - -4?
5800cc
In base 4, what is -122331 - -111012?
-11313
In base 14, what is 82 - 79208?
-79166
In base 2, what is -101101111101 - 110011101010?
-1100001100111
In base 16, what is -17ffa77 + -3?
-17ffa7a
In base 5, what is 1134314021 + -1?
1134314020
In base 10, what is -15554 + -572?
-16126
In base 13, what is -1 - -5135c0?
5135bc
In base 13, what is 68abb76 + 0?
68abb76
In base 6, what is 1341 - 2020245?
